igit of u?
2
Let i = 21 - -596. What is the tens digit of i?
1
Let k be (-63)/36 - (-214)/8. Let s be (-17)/(-2)*(-2)/(-1). Suppose s = v - k. What is the tens digit of v?
4
Suppose 0 = c - 281 + 233. What is the tens digit of c?
4
Suppose 6*r - 835 - 227 = 0. Suppose -1 = 2*w - r. What is the tens digit of w?
8
Let g(c) be the second derivative of -c**5/20 - c**4/12 + c**3/6 - c. Let i = 182 - 185. What is the units digit of g(i)?
5
Suppose 172*v - 185*v + 61958 = 0. What is the units digit of v?
6
Let a(r) = -34*r + 56*r - 16 + 30*r. What is the hundreds digit of a(4)?
1
Suppose 5*y = -272 - 93. Let d = y + 147. What is the tens digit of d?
7
Suppose -12 = 3*x - 3*k, -4*k = -2*k + 6. Let l be 23 + 6/(-3) + 0. Let h = l + x. What is the tens digit of h?
1
Let g(v) = 8*v + 7. Let b = 43 - 35. What is the units digit of g(b)?
1
Let t be -3 + 1 + 4 - 2. Let f = -33 + 65. Suppose t = -17*r + 19*r - f. What is the tens digit of r?
1
What is the thousands digit of (-1761)/((-150)/20*(-1)/(-5))?
1
Suppose 5*j - 5*q = j + 10, 0 = 2*j + 2*q + 4. Suppose l + 8 = -j*l. Let z = -3 - l. What is the units digit of z?
5
Let z(q) = -7*q + 126. What is the hundreds digit of z(-15)?
2
Let x(p) = p**3 + 3*p**2 + 9*p + 6. What is the hundreds digit of x(6)?
3
Let k(a) = 4*a**2 + 5*a - 8. Suppose -6*n + 9 = 51. Let p be k(n). Let x = 224 - p. What is the tens digit of x?
7
What is the tens digit of ((-10)/3)/(4109/822 + -5)?
4
Let v be 27/(-6)*(-14)/3. Let h(c) = v*c + 6*c**2 + 9 - 7*c**2 - 7*c. What is the tens digit of h(10)?
4
Let q(z) = -z. Let u(i) = 6*i - 68. Let k(p) = -5*q(p) + u(p). What is the tens digit of k(8)?
2
Let m = 443 - -4285. What is the hundreds digit of m?
7
Let a(i) be the second derivative of 23*i**3/6 - 17*i**2/2 + 6*i. What is the tens digit of a(4)?
7
Let g be (-1 - 1 - 14)/(-2). Let s(r) = 11 + 16*r**2 - 4*r + 4*r - 7*r**2 - r**3 - 5*r. What is the units digit of s(g)?
5
Suppose 100 = -2*d - 3*j, -3*j = d + 69 - 22. Let v be 31*(0 - 1)*1. Let g = v - d. What is the units digit of g?
2
Suppose 2*h - h + z = 62, -z = -2*h + 118. Suppose x + 0*r - h = r, x = -r + 62. What is the units digit of x?
1
What is the hundreds digit of 78/(-65)*620/(-3)?
2
Let f(l) = l**3 + 11*l**2 + 17*l + 15. What is the tens digit of f(-6)?
9
Suppose 6*s = 5*s + 65. Suppose 5*b = -3*y + s, 3*b + 2 = 5*y + 7. Suppose 25 = 2*h - h + 4*v, b = -5*v. What is the units digit of h?
3
Let v be 0 - (-44)/(-1 + 0). Let j = -8 - v. Let w = j + -30. What is the units digit of w?
6
Let t(q) = -6*q - 1. Let o(f) = f**2 + 8*f - 1. Let k be o(-6). Let l = k - -7. What is the units digit of t(l)?
5
Let c(a) = -21*a + 3605. What is the hundreds digit of c(0)?
6
Let s(y) = -23*y + 36. What is the units digit of s(-63)?
5
Suppose -37*i = -29*i - 456. What is the tens digit of i?
5
Let b be 2/(-1) + 90*(4 + -3). Suppose -211 = -2*v - 3*n, -v - 5*n = -b - 21. What is the hundreds digit of v?
1
Let m(p) = 27*p**2 + 5*p - 2. Let v be m(-4). Suppose 0 = 13*f - 786 - v. What is the tens digit of f?
9
Let v(b) = 3*b**2 - 137*b + 35. What is the tens digit of v(46)?
8
Let m(i) = 7*i + 118. What is the tens digit of m(23)?
7
Suppose 0 = 4*k + 77 + 11. Let l = 38 + k. Let r = l + 3. What is the units digit of r?
9
What is the tens digit of 120754/349*(1 - (-19)/2)?
3
Let c(o) = -o + 8. Let j be c(-4). Suppose 2*n - 8 = 0, -3*y + j = n + 2*n. Let q(k) = k**2 - k + 18. What is the tens digit of q(y)?
1
Suppose -179 = -3*u + 13. Let p = u + -30. Let k = -19 + p. What is the tens digit of k?
1
Let v = -27 + 24. Let a = v + 40. What is the units digit of a?
7
Let l(n) = 2*n + 18. Let t be l(-9). Suppose 4*r - 516 + 72 = t. What is the units digit of r?
1
Let l(c) = c**2 - 7*c + 6. Let q be l(6). Suppose -5*k = -3*a - 11, 4*a + a + k - 19 = q. What is the units digit of ((-108)/(-20))/(a/15)?
7
Suppose -4 = -2*t + 2. Suppose -4*g = i - 1, 2*i = -0*i - t*g + 2. What is the tens digit of i/((8/60)/2)?
1
Let t = -17 + 20. Let g = 5 - t. Let w(p) = 5*p**3 + 2*p - 3. What is the units digit of w(g)?
1
Let r(y) = -2*y**2 - 139*y + 118. What is the units digit of r(-52)?
8
Suppose 0 = -j - 14 - 52. Let n = j - -100. What is the tens digit of n?
3
Let s(k) = -13*k**3 - k + 10. What is the units digit of s(-4)?
6
Let b = 320 + -314. What is the units digit of b?
6
What is the thousands digit of (10683/(-6))/(5 - (-65)/(-10))?
1
Let k(t) be the third derivative of t**6/120 + t**5/10 - t**4/8 + 2*t**3/3 - 3*t**2. Let q be k(-3). Let h = q - 21. What is the units digit of h?
9
Suppose -86*i + 89*i + 4*t - 10779 = 0, 4*i = t + 14391. What is the hundreds digit of i?
5
Suppose -8*x - 2232 = -7608. What is the units digit of x?
2
Let p(n) = 3*n**3 + 3*n**2 + 11*n - 5. What is the hundreds digit of p(4)?
2
Let d(x) = 4*x + 16. Let m be d(-7). Let a = 27 + m. What is the tens digit of a?
1
Let y = 7139 - 2920. What is the tens digit of y?
1
Suppose 30192 = -6*a + 30*a. What is the units digit of a?
8
Let s(r) = 8*r**2 + r - 2. Let v be s(2). Let x = 43 - v. What is the tens digit of x?
1
Suppose -f - 329 = -4*w, w + f - 54 - 22 = 0. Suppose 18*a - 17*a = w. What is the units digit of a?
1
Let f be 10/(1/((-2)/(-4))). Suppose 2*i + 30 = p, -f*p + 7*i + 190 = 5*i. Suppose 0 = 3*z - p - 29. What is the tens digit of z?
2
Suppose 44 = 2*w - 3*l, w - 2*l + 104 = 5*w. Suppose 5*y - 6 = -q - w, 0 = -q - y - 7. Let d = 9 + q. What is the units digit of d?
5
Suppose 128 - 27 = r - 4*g, 5*g = 10. Suppose 4*h = r + 59. What is the tens digit of h?
4
Let v(o) = -15*o**3 - o**2 + 31*o + 27. What is the thousands digit of v(-5)?
1
Let q(g) = -5*g**2 + 51*g + 54. Let x(n) = 3*n**2 - 25*n - 27. Let c(b) = -4*q(b) - 7*x(b). What is the tens digit of c(-25)?
7
Suppose -3*m + 100 = -20. Suppose 0*g = -5*g + m. Suppose g*s = 3*s - 3*k + 95, -3*k - 38 = -2*s. What is the tens digit of s?
1
What is the tens digit of ((-42)/8)/(5/(-1940))?
3
Let n(b) = 15*b**2 - 2. Let q(j) = -45*j**2 + j + 5. Let m(p) = -11*n(p) - 4*q(p). What is the units digit of m(2)?
4
Let v(b) = b**3 - 10*b**2 + b - 3. Let s be v(10). Let t(x) = -x**3 + 8*x**2 - 5*x + 2. Let c be t(s). Suppose c = 4*j - 24. What is the units digit of j?
0
What is the units digit of 36/126 - ((-35088)/21)/4?
8
Let n(s) = 4*s - 4. Let p(m) = 8*m - 7. Let g(q) = 5*n(q) - 2*p(q). Let z = 16 - 6. What is the tens digit of g(z)?
3
Suppose -15 = -5*p, 2 = 2*z + 3*z + 4*p. Let o(q) = -91*q + 1. What is the hundreds digit of o(z)?
1
Let f(h) = h - 11. Let t(y) = 3. Let d(u) = 3*f(u) + 12*t(u). Suppose 2*x - 1 - 3 = 0. What is the units digit of d(x)?
9
Let x be (53 + (3 - 2))*-1. Let k be (30/9)/((-12)/x). Let v = 8 + k. What is the tens digit of v?
2
Let x = -11 - -14. Suppose 12 = x*h - 0*h - 2*f, -5*h + 42 = 4*f. Let m(r) = 2*r**2 - 6*r - 5. What is the tens digit of m(h)?
3
Let n(z) = -2*z**3 - 16*z**2 - 38*z - 29. What is the hundreds digit of n(-9)?
4
Suppose 378 = 2*a - 4*c, -4*a + 820 = -2*c + 46. What is the units digit of a?
5
Suppose -4*k + 56 = 2*z, 9*k - 4*k = 2*z - 83. Let t = z + 140. What is the tens digit of t?
7
Let r(n) = n**2 + 7*n + 6. Let g be r(-5). Let j = 8 + g. Suppose 2*z = 6, o - j*z - z + 8 = 0. What is the units digit of o?
7
Suppose -4*v + 12 = n - 3*n, n + 11 = 3*v. Suppose -d - 8 = 3*u + 4*d, 40 = v*u - 5*d. What is the units digit of u?
4
Let l(b) = -b**2 + 35*b - 93. Let n be l(3). Let o(v) = 2*v - 1. Let j be o(2). Suppose 0 = s - n*t - 19 - 9, j*s + 5*t = 84. What is the units digit of s?
8
Let h = -3 + 5. Suppose -5*k - d = -h*d - 418, 5*k + d - 412 = 0. What is the units digit of k?
3
Let h(v) = 5*v + 1. Let b = 23 + -19. Suppose -s - 3*r + 1 = 4, 0 = b*s - r - 40. What is the units digit of h(s)?
6
What is the tens digit of 3/(-6) + 42381/34?
4
Let s(j) be the third derivative of 0*j + 10*j**2 + 7/24*j**4 + 0 - 23/6*j**3. What is the units digit of s(11)?
4
Suppose -5*r + l + l = -5, 2*l = -r + 1. Let s be r*(1 - (-4)/4). Suppose -s*y + q = -39, 2 = q + q. What is the units digit of y?
0
Suppose -n - 57*u = -55*u - 925, n + 5*u = 937. What is the units digit of n?
7
Let i = -22 - -24. Let y(k) = 20*k - 7*k + 4*k**2 - 18 - 5*k**i. What is the tens digit of y(9)?
1
Let f(l) = -l**3 - 6*l**2 - 5*l + 2. Let p be (3 - (-21)/(-6))*10. Let t be f(p).